) = -9*f(o) - 2*i(o). What is q(-3)?
-3
Let n(u) = -14*u + 5*u**2 - 7*u**2 - 9 + 22*u + 14. Determine n(5).
-5
Let j(l) = -6 + 9*l**3 - 35*l**2 - 12*l - 8*l**3 + 24*l**2. Determine j(12).
-6
Let l(i) = -i - 4. Let p be l(-4). Let y(r) = 50 - 43 - 127*r**2 - r**3 + r + 127*r**2. Determine y(p).
7
Let v = -1 + 1. Let b = v - 3. Let y(f) = f + 6 - 26*f**2 + 27*f**2 - 9. Calculate y(b).
3
Let t be 23/5 - (-9)/(-15). Suppose j - 1 = t. Let i(y) = -3*y + 1. Let u(z) = 13*z - 4. Let a(g) = -9*i(g) - 2*u(g). Give a(j).
4
Let h = 6 + -8. Let v(x) = 2*x**2 + 13*x + 6. Suppose 11 = 3*r - 10. Let a(d) = 3*d**2 + 19*d + 9. Let u(j) = r*v(j) - 5*a(j). Give u(h).
1
Let a(i) = -i**3 + 4*i**2 + i - 4. Let z be a(3). Let v(w) be the third derivative of -w**6/120 + 7*w**5/60 + 3*w**4/8 - 11*w**3/6 - 127*w**2. Calculate v(z).
-3
Let m = -20 + 20. Let q be ((-3)/2)/(3/(-6)) - m. Let b(d) = -3*d**2 + 4*d + 2. Let n(y) = 10*y**2 - 12*y - 7. Let w(z) = 7*b(z) + 2*n(z). Give w(q).
3
Let q(z) = z**2 + z. Let w(b) be the first derivative of -b**3/3 - 8. Let c be w(0). Calculate q(c).
0
Let p = 441 - 435. Let q(d) = -3*d**2 + 10*d - 7. Let i(s) = -s**2. Let v(x) = 2*i(x) - q(x). Calculate v(p).
-17
Let o be (-2210)/(-544) - (-2)/(-32). Let j(g) be the third derivative of 0 - 1/15*g**5 + 0*g + 5/6*g**3 + 14*g**2 + 1/120*g**6 + 1/24*g**o. Calculate j(4).
9
Let d = 341 - 337. Let g(k) be the first derivative of d + 1/2*k**2 - 4*k. Determine g(3).
-1
Let v(p) = -13*p - 1. Suppose 4*c - 18 - 13 = -3*x, -5*c = 4*x - 40. Suppose 5*h + 5*u - 3 - 27 = 0, 3*h + c*u = 23. What is v(h)?
-14
Let c(w) = 2*w - 5. Suppose -6*q + 0*q + 378 = 0. Suppose -9*j + q = -0*j. Give c(j).
9
Suppose 44*q + 10*q = 216. Let s(p) = -4*p + 6. Calculate s(q).
-10
Let c(j) = -j + 7. Suppose -3*i - 11 - 36 = -4*o, 2*o - 41 = 5*i. Let s = o - -1. Suppose 5*y - s - 6 = 0. Calculate c(y).
4
Let c be (-24)/(-2) + (3 - 7). Suppose -3*l = -c*l + 5. Let r(g) = -9*g - g**2 + l + 18*g - 13*g. Determine r(-5).
-4
Let k(j) = j**3 + 4*j**2 + 2*j + 3. Let f be 6 + (-5)/(20/8) - -5. Let g be (-6)/f - 7/3. What is k(g)?
6
Let c(n) = -n**3 - 6*n**2 + n**2 + 1 - 5*n - 7. Suppose b - 2 = z + 2*z, 2*b = 2*z + 12. Suppose v + v = -b. Calculate c(v).
-2
Let h(d) = 6*d - 5. Let c(t) = -8*t + 6. Let p(x) = -4*c(x) - 6*h(x). Give p(2).
-2
Let y(x) be the second derivative of -3/2*x**2 + 1/2*x**3 - 20*x + 0. What is y(3)?
6
Let v(a) = -46*a + 22*a - 5 + 26*a + 3. Suppose 0 = -0*l - l + 8. What is v(l)?
14
Let q(i) = 9 + 0*i + i**3 - 6*i + 7*i + 7*i**2 - 2. Let x be (8/(-5))/((-4)/10). Suppose -n - 17 = x*s - 9*s, -5*n - 45 = -5*s. Calculate q(n).
0
Suppose 0 = -7*n + 2*n + 20. Let w(o) be the second derivative of 3/2*o**2 + 0 - 1/2*o**3 - 6*o. Calculate w(n).
-9
Suppose 0 = -3*c + 3 + 3. Let f be (-1)/c*(-11 - -7). Suppose 2*k = -f, -4*d - 5 = -3*d + 5*k. Let a(r) = -r**2 + 5. What is a(d)?
5
Let y(a) = 2*a**3 - 30*a**2 + a - 14. Let s(v) = 3*v**2 - 35*v - 37. Let f be s(13). What is y(f)?
1
Let x be (30/(-4))/((-147)/98). Let o = 25 + -17. Let w(v) = -v - o + 2*v + 0*v. Give w(x).
-3
Let n(h) = h - 14. Let g be n(10). Let f be (-2 - (g - -2)) + 4. Let t(j) = j**3 - 5*j**2 + 5*j - 2. Calculate t(f).
2
Let a(k) = -11*k**2 + 16*k + 12. Let f(r) = 6*r**2 - 9*r - 7. Let z(m) = -4*a(m) - 7*f(m). Let c be 0 + -2*(3 - 2). Give z(c).
11
Let x(k) = 3*k**3 + 5*k**2 + k. Let i(z) = -z**3 - 3*z**2 - 2*z. Let q(y) = 5*i(y) + 2*x(y). Calculate q(6).
-12
Let j(n) = 3*n - 9. Suppose -5*p + 2*t = -53, 4*t + t = -2*p - 2. Calculate j(p).
18
Let p(o) be the second derivative of 1/6*o**3 - 1/120*o**6 - 1/30*o**5 + 0 + 5*o - 1/8*o**4 + 0*o**2. Let a(r) be the second derivative of p(r). Give a(-2).
-7
Let o(u) = -u**3 - u**2 + u - 11. Suppose -16*i = -19*i. Determine o(i).
-11
Let y = 12 - 7. Let v(i) = 12 - 12 - y*i. Let r(k) = 5*k + 1. Let z(l) = 2*r(l) + 3*v(l). What is z(-2)?
12
Let x(b) be the first derivative of b**4/4 - 4*b**3/3 - 5*b**2/2 - 9*b + 204. Give x(5).
-9
Let z(p) = p - 1. Suppose -3*u = 2*r - 5, 6*r - 10 = -4*u + 4*r. Let d(b) = b. Let f(v) = u*d(v) - 6*z(v). Calculate f(0).
6
Let b(q) = -7*q**3 + 16*q**2 + 23*q + 2. Let k(s) = 3*s**3 - 8*s**2 - 11*s - 2. Let j(d) = -2*b(d) - 5*k(d). Give j(9).
6
Let t = 135 - 135. Let j(l) be the third derivative of 0*l + 5/24*l**4 - 7*l**2 + 0*l**3 + t. Give j(1).
5
Let b(j) = 69*j**2 - 42*j**2 - 26*j**2 + 7 + 8*j. Calculate b(-6).
-5
Let r(l) = 10*l**3 - l**2 + 4. Let a(q) = -2*q**3 - 1. Let w(v) = -11*a(v) - 2*r(v). Give w(-2).
-5
Let m(c) = -c**3 - 5*c**2 - c - 7. Let d be 5768/20 + 2/(-5). Let i be d/14 + 20/(-35). Suppose v - i = 5*v. Calculate m(v).
-2
Let y(o) = 2*o - 5. Let d be 207/(-18) - 3/(-2). Let u be 56/d - 33/(-55). Calculate y(u).
-15
Let u be ((-2)/5)/(6/150*-5). Let z(b) = -3*b**2 + 2*b - 1. Calculate z(u).
-9
Let b(y) be the third derivative of -y**4/24 + 9*y**3/2 + 30*y**2. Calculate b(12).
15
Let w(s) = -3*s - 6. Let h(f) = 4*f - 46. Let v be h(6). Let y(r) = 9*r + 1. Let d be y(-3). Let i = d - v. Determine w(i).
6
Suppose -1055 = -13*a - 1081. Let c(x) = x**3 - x**2 - 2*x. Determine c(a).
-8
Let f(h) = h**2 + 2*h - 3. Suppose 9*i - 16 = 10*i. Let u be 20/6*24/i. Calculate f(u).
12
Let h(x) = -2*x + 15. Let k(t) = -t**3 - 15*t**2 - 35*t + 20. Let q be k(-12). Determine h(q).
-1
Let q(d) = -d + 2. Let p(k) = k**3 - 4*k**2 + k + 4. Let v be p(3). Let b be v/(-6) - (-51)/9. Determine q(b).
-4
Suppose 3*u = 4*o + 8, 3*o - 8*o - 10 = 0. Suppose u = -3*g - n - 0*n - 10, -3*g = -n + 8. Let z(h) = -h**2 + 4*h + 1. Calculate z(g).
-20
Suppose 3*r = -44 - 7. Let d(h) = 20*h - 29. Let i(p) be the third derivative of 7*p**4/24 - 5*p**3/3 - 50*p**2. Let m(b) = r*i(b) + 6*d(b). Determine m(3).
-1
Let j be (12/10)/(15/100). Let u(n) = n**3 - 8*n**2 + n - 6. What is u(j)?
2
Let x(w) = 9*w**3 + 10*w**2 + 4*w + 6. Let v(y) = 7*y**3 + 8*y**2 + 3*y + 5. Let q(f) = 6*v(f) - 5*x(f). Calculate q(-1).
3
Suppose r = -0*r + 20. Let s = 22 - r. Suppose -s*p + 5 - 15 = 0. Let y(m) = -m - 9. Calculate y(p).
-4
Let i(g) = -g**2 + 76*g - 1379. Let b be i(46). Let l(m) = 4*m**2 - 2*m + 3*m**2 + 3*m. Calculate l(b).
8
Let l(k) be the first derivative of -k**3/3 - 5*k**2/2 + 5*k - 1. Let h(f) = f**3 - 10*f**2 - 18*f + 71. Let i be h(11). Give l(i).
-1
Let i(g) = -7*g**2 + 11*g - 7. Let u(r) = -13*r**2 + 21*r - 13. Let v(p) = -11*i(p) + 6*u(p). Let s = -1311 - -1317. Calculate v(s).
-7
Let i(g) = -8*g - 6. Let h(b) = 6*b + 5. Let c(r) = -3*h(r) - 2*i(r). Let f = 9 + -7. Suppose 8 = -f*x + d, d = -2*x - d - 8. Calculate c(x).
5
Let n(o) = 1 + 44*o + 1 + 4 - 45*o. Let w(x) = -x**2 + 9*x - 9. Let s be 29/4 - 3/12. Let c be w(s). Give n(c).
1
Let p(j) be the second derivative of j**5/20 + j**4/12 + j**3/2 + 3*j**2/2 + 87*j. Give p(-2).
-7
Suppose -3 = 2*c + 15. Let m be 0/(c/3) - -2. Let i(n) = n**2 - n**2 - m + n**3 + 5*n**2. Give i(-5).
-2
Let t(l) = -2*l**2 + 5 + 0*l**2 - 3. Suppose 0 = -99*s + 87*s + 24. Calculate t(s).
-6
Suppose -2*z = 2*x - 0*z - 2, 3*z - 5 = -4*x. Let h(c) = -2*c**3 + 0*c**x - 4*c + c**3 + 3*c**2 + 6*c. Give h(3).
6
Let r(x) = 8*x**2 + 15 - 14*x**2 - 21 - 2*x. Let n(d) be the third derivative of -d**5/60 - d**4/24 - d**3/6 + d**2. Let k(u) = 5*n(u) - r(u). Calculate k(2).
-1
Let n(b) = b**3 - 298*b**2 + 149*b**2 - 6*b - 1 + 6 + 152*b**2 + 1. Calculate n(-5).
-14
Let s(p) be the first derivative of -p**4/4 - 5*p**3/3 + 4*p**2 - 5*p + 94. Give s(-6).
-17
Let q(w) be the first derivative of w**4/4 - 2*w**3 - 5*w**2/2 - 4*w - 1. Let r(z) = z**3 + 0*z**2 + 5*z**2 - 306*z + 298*z - 5. Let b be r(-6). What is q(b)?
10
Let q be (-1 - -6)*(-1 - (-1)/(-5)). Let n(b) = 2*b**2 - 5*b - 8. Let o(u) = -u**2 + 2*u + 4. Let x(z) = q*n(z) - 13*o(z). Calculate x(-5).
1
Let t(p) = 4*p**2 + 26*p + 13. Suppose 5*s + 19 = -5*x - 31, -4*s = -3*x + 12. Determine t(s).
1
Let v(q) = -q**2 + 10*q - 5. Let s(d) = -d - 28. Let p be s(14). Let y be 1 + 0 - p/6. Calculate v(y).
11
Suppose -2*u = -2*z - 10, z + 34 = -4*u - 13*z. Let m(n) = -2*n + 17*n + 0*n. Give m(u).
30
Let c = 2 - -4. Let z be (-36)/(-24)*(-16)/c. Let i(w) = -4*w - 2. What is i(z)?
14
Let j(x) be the first derivative of -x**2/2 + 8*x + 72. Let b be 9/(-6)*(-8)/3. Determine j(b).
4
Let d(x) = -x**2 - 2*x - 1. Let g(t) = 2*t**2 + 6*t + 3. Let a(l)